{"version":"1.0","provider_name":"ABPS","provider_url":"https:\/\/www.abps.ch\/de\/","title":"Reform der Verrechnungssteuer - ABPS","type":"rich","width":600,"height":338,"html":"<blockquote class=\"wp-embedded-content\" data-secret=\"rFih4w48nw\"><a href=\"https:\/\/www.abps.ch\/de\/reform-der-verrechnungssteuer\/\">Reform der Verrechnungssteuer<\/a><\/blockquote><iframe sandbox=\"allow-scripts\" security=\"restricted\" src=\"https:\/\/www.abps.ch\/de\/reform-der-verrechnungssteuer\/embed\/#?secret=rFih4w48nw\" width=\"600\" height=\"338\" title=\"&#8222;Reform der Verrechnungssteuer&#8220; &#8211; ABPS\" data-secret=\"rFih4w48nw\" frameborder=\"0\" marginwidth=\"0\" marginheight=\"0\" scrolling=\"no\" class=\"wp-embedded-content\"><\/iframe><script>\n\/*! This file is auto-generated *\/\n!function(d,l){\"use strict\";l.querySelector&&d.addEventListener&&\"undefined\"!=typeof URL&&(d.wp=d.wp||{},d.wp.receiveEmbedMessage||(d.wp.receiveEmbedMessage=function(e){var t=e.data;if((t||t.secret||t.message||t.value)&&!\/[^a-zA-Z0-9]\/.test(t.secret)){for(var s,r,n,a=l.querySelectorAll('iframe[data-secret=\"'+t.secret+'\"]'),o=l.querySelectorAll('blockquote[data-secret=\"'+t.secret+'\"]'),c=new RegExp(\"^https?:$\",\"i\"),i=0;i<o.length;i++)o[i].style.display=\"none\";for(i=0;i<a.length;i++)s=a[i],e.source===s.contentWindow&&(s.removeAttribute(\"style\"),\"height\"===t.message?(1e3<(r=parseInt(t.value,10))?r=1e3:~~r<200&&(r=200),s.height=r):\"link\"===t.message&&(r=new URL(s.getAttribute(\"src\")),n=new URL(t.value),c.test(n.protocol))&&n.host===r.host&&l.activeElement===s&&(d.top.location.href=t.value))}},d.addEventListener(\"message\",d.wp.receiveEmbedMessage,!1),l.addEventListener(\"DOMContentLoaded\",function(){for(var e,t,s=l.querySelectorAll(\"iframe.wp-embedded-content\"),r=0;r<s.length;r++)(t=(e=s[r]).getAttribute(\"data-secret\"))||(t=Math.random().toString(36).substring(2,12),e.src+=\"#?secret=\"+t,e.setAttribute(\"data-secret\",t)),e.contentWindow.postMessage({message:\"ready\",secret:t},\"*\")},!1)))}(window,document);\n\/\/# sourceURL=https:\/\/www.abps.ch\/wp-includes\/js\/wp-embed.min.js\n<\/script>\n","description":"Ende 2014 hat der Bundesrat die Vernehmlassung \u00fcber die Reform der Verrechnungssteuer er\u00f6ffnet. F\u00fcr Ausl\u00e4nder soll diese Steuer praktisch nicht mehr zur Anwendung kommen, w\u00e4hrend f\u00fcr Schweizer Steuerpflichtige eine Ausdehnung des Steuerobjekts vorgesehen ist. Die Vereinigung Schweizerischer Privatbanken (VSPB) unterst\u00fctzt das erste Ziel voll und ganz; ebenso deutlich lehnt sie jedoch das zweite Ziel ab, &hellip; \u201e\u201c weiterlesen"}

Ende 2014 hat der Bundesrat die Vernehmlassung über die Reform der Verrechnungssteuer eröffnet. Für Ausländer soll diese Steuer praktisch nicht mehr zur Anwendung kommen, während für Schweizer Steuerpflichtige eine Ausdehnung des Steuerobjekts vorgesehen ist. Die Vereinigung Schweizerischer Privatbanken (VSPB) unterstützt das erste Ziel voll und ganz; ebenso deutlich lehnt sie jedoch das zweite Ziel ab, &hellip; „“ weiterlesen
